 d?
5
Let l = -1 - -56. Let z = -22 + l. What is the units digit of z?
3
Let o(y) = y**3 - 5*y**2 - 7*y + 4. Let q be o(6). Let c = q - -14. Suppose -2*a - p + c = -3*p, p = 2. What is the units digit of a?
8
Suppose -p + 24 = -5*p. Let j(o) = -2*o - 17. Let g(t) = t + 6. Let s(z) = p*j(z) - 17*g(z). What is the units digit of s(-1)?
5
Let i(k) = -8*k - 14. What is the units digit of i(-9)?
8
Let w(a) = 3*a + 2. What is the units digit of w(7)?
3
What is the tens digit of (4 + -1)/(6/32)?
1
Let o = 18 + -27. What is the tens digit of 8/12 - 444/o?
5
Let p(k) = 9*k - 1. What is the tens digit of p(2)?
1
Suppose c - 6*r + 2*r - 49 = 0, 83 = 3*c + 4*r. What is the units digit of c?
3
Let u(z) be the third derivative of -z**4/12 - 4*z**3/3 - 3*z**2. Let k be u(-6). What is the tens digit of (20 + 2)*2/k?
1
Suppose 4*s - 2*a = 2*s + 34, 0 = 2*s + 5*a + 1. What is the units digit of s?
2
Let c(o) = o + 1. Let q(s) = -15 + 8*s + 15. Let h(y) = -4*c(y) + q(y). What is the units digit of h(3)?
8
Let c be 4 - -2 - (-1 - -1). Suppose 24 = -2*j + c*j. What is the units digit of j?
6
Suppose -2 = 3*l - 5*j, 3*j + 1 = 4. Suppose 0 = s + 4*t + l, 2*t + 71 = 5*s + 3*t. What is the units digit of s?
5
Suppose 8 = -7*i + 11*i. Suppose -w - i*w = -2*h - 26, 5*w - 50 = 5*h. What is the units digit of w?
6
Let o = 7 + -2. Suppose 5*n + 120 = o*f, -n - 2*n = 0. What is the tens digit of f?
2
Let k = -137 + 192. Let w = 93 - k. What is the tens digit of w?
3
Suppose q + 17 = -5*w, q - 16 = 5*w + 7. Let v(x) = x**2 - 3. What is the units digit of v(q)?
6
Let x(o) = 3*o**2 + o + 12. What is the tens digit of x(-5)?
8
Suppose -2*s = -7*s - 4*b + 7, -s = 5*b + 7. Suppose 138 = 5*v - 5*g + s*g, 5*g = -4*v + 84. What is the units digit of v?
6
What is the tens digit of -2*14*(-18)/12?
4
Suppose -5*r + f = -89, 4*f + 20 = -f. What is the units digit of r?
7
Let o(q) = q**3 + 6*q**2 + 4*q - 1. What is the tens digit of o(-4)?
1
Suppose -3*q = q - 28. Suppose -4*k + 3*n + 149 = 0, -q*k + 2*n + 150 = -3*k. What is the units digit of k?
8
Suppose -28*r - 1926 = -34*r. What is the units digit of r?
1
Suppose -42 = -4*b + 30. What is the units digit of b?
8
Suppose -3*w - w + 84 = 0. Let z = -3 + w. Suppose 5*j = 32 + z. What is the units digit of j?
0
Suppose 5*p + 11 + 39 = 0. Let c = -8 - p. What is the units digit of c?
2
Let z = 87 + -60. What is the units digit of z?
7
Let a be (-44)/(-8) + (-1)/2. Suppose -5*x = -m, m + x - 25 = a. What is the units digit of m?
5
What is the tens digit of 412/(4 + 0) - (-1 + -1)?
0
Let w(i) = -i**2 - 3*i + 4. Let c be w(-5). Suppose 3 = -3*k + 9. Let a = k - c. What is the units digit of a?
8
Let j be (-2 + -1)*1/(-1). Suppose k + j*b - 19 = 0, k = -k - 4*b + 30. Suppose -24 = 2*t - k*t + 3*c, -15 = 5*c. What is the units digit of t?
3
Suppose -4*w + 72 = -p, 3*w = 2*w - 2*p + 9. What is the tens digit of w?
1
Suppose -8*y = -5*y - 9. Suppose 0*x - 3 = 3*x, -4*x - 19 = -3*j. Let n = j - y. What is the units digit of n?
2
Let k(w) = -w**2 + 10*w + 1. Let r = -41 + 29. Let u be (18/(-4))/(6/r). What is the units digit of k(u)?
0
Let s(n) = -n - 5. Let c(h) = h**3 + 6*h**2 - 2. Let b be c(-6). Let p be (3/(-2))/(b/(-12)). What is the units digit of s(p)?
4
Suppose 0 = -0*x + x - 2. Suppose 4*r - 30 = f, -10 = -r - 2*f + x. What is the units digit of ((-3)/2)/((-3)/r)?
4
Suppose -2*q - 4 = -3*q. Suppose -7*i + 3*i + q = 0. Let z(h) = 2*h**3 + h - 1. What is the units digit of z(i)?
2
Let v = 6 + 1. Let l(w) = w**3 - 6*w**2 - 8*w + 3. Let j be l(v). Let i(u) = -2*u - 2. What is the units digit of i(j)?
6
Suppose -4*o + 15 = o. Let a(z) = 2*z**3 - 4*z**2 + 3*z. What is the units digit of a(o)?
7
Let w(o) = o**2 + 12*o + 15. What is the units digit of w(-11)?
4
Suppose d - 40 = 2*s, 165 - 20 = 4*d - 5*s. What is the tens digit of d?
3
Let v(p) = p + 4. Let a be v(7). Let m = a + -15. What is the units digit of 2/m*1*-4?
2
What is the hundreds digit of 2/1*(-1715)/(-14)?
2
Let a(o) = o**3 + 7*o**2 - o - 1. What is the units digit of a(-7)?
6
Let p be 1132/28 - 9/21. Let x = p + -15. What is the tens digit of x?
2
Let m(v) = -v. Let i(s) = -7*s + 7. Let r(u) = -i(u) + 6*m(u). What is the units digit of r(8)?
1
Let f be (-8)/(-20) + (-46)/(-10). Suppose 3*y + f*g = 41 + 19, -5*g = -y. What is the units digit of y?
5
Let u(a) = a**2 + 8*a + 9. Let n be u(-6). Let b be (-2 + -4)/(n/9). Suppose 0 = 2*w + 5*c - b, c + c = 0. What is the units digit of w?
9
Let z be 1 + 0 - (4 - -1). Let p = 5 - z. What is the units digit of p?
9
Suppose 3*k + 3*f = -1017, -1353 = k + 3*k + 3*f. What is the tens digit of k/(-33) - (-2)/(-11)?
1
What is the tens digit of 1944/56 - (-4)/14?
3
Let a(u) = u + 29. What is the tens digit of a(0)?
2
Let q(k) = -k**3 - 3*k**2 + k + 193. What is the hundreds digit of q(0)?
1
Suppose -2*z - 2*z = -72. What is the units digit of 192/z - (-4)/3?
2
Suppose -4*q - 12 = -3*l, 12 = -4*q - 2*l - 0*l. Let y be (q - -8 - 2)/(-1). What is the units digit of 147/7 + 0 + y?
8
Let g = -5 - -11. What is the units digit of 0 - -7 - (-12)/g?
9
Let b(d) = -16*d**3 + d**2 - 4. Let k(a) = -16*a**3 + a**2 - 3. Let t(j) = -2*b(j) + 3*k(j). What is the tens digit of t(-1)?
1
Let l(v) be the second derivative of -v**6/240 + v**5/40 - v**4/6 - 2*v. Let n(t) be the third derivative of l(t). What is the tens digit of n(-3)?
1
Let w(d) = d + 26. What is the units digit of w(0)?
6
Let o(f) = 2*f**3 - 2*f**2 - f - 1. Let v = -4 + 6. What is the units digit of o(v)?
5
Let t(b) = -b**3 + 5*b - 1. What is the units digit of t(-3)?
1
Let d = 2 + 0. What is the units digit of d?
2
Let s(y) = -y**3 - 9*y**2 + 2*y + 13. Let x be s(-9). Let j be (-2)/(x/(30/(-4))). What is the units digit of (-27)/j - 4/2?
7
Let u = 10 + -8. Suppose 5*j - i + 7 = 80, -j + 8 = u*i. What is the tens digit of j?
1
Let b be (10 + 4)/2 - 3. Suppose 4*x - 5*h = 104, -h = b*x + 2*h - 136. What is the units digit of x?
1
Suppose 0 = -2*m - 3*m + 120. What is the units digit of m?
4
Let i = -3 + 6. What is the tens digit of (4/(-6))/(i/(-63))?
1
Let o(s) = s**3 + 2*s**2 - s + 1. Let m be o(-2). Suppose 3*f - 25 = 4*h, -h + 60 = m*f + 2*h. What is the units digit of f?
5
Suppose -4*q + 2 = -6. Let v be (q + -1 - 0) + 2. What is the units digit of -4*1*v/(-12)?
1
Let s = 50 - 28. What is the tens digit of s?
2
Suppose -2*x + 40 = -0. Suppose -2*t - 2*t + 30 = h, x = h - t. What is the tens digit of h?
2
Let g(m) = 2*m - 3*m**2 - m**2 + 6*m + 3*m**2 - 5. What is the units digit of g(6)?
7
Let n(c) = c - 4. Let u be n(7). Suppose -42 = -u*a - 6. What is the units digit of a?
2
Let f(x) = 29 - 6*x + 3*x + 4*x. What is the units digit of f(0)?
9
Let j(v) = v**2 - 5*v - 2. What is the units digit of j(6)?
4
Let j = 9 - 6. What is the units digit of 2/(j + 78/(-27))?
8
Let g(r) = 9*r + 7. Let c be g(-8). Let n = -43 - c. What is the tens digit of n?
2
Let r(b) = b**3 + 2*b**2 - 9*b - 10. What is the hundreds digit of r(7)?
3
Suppose 15 = 5*f - 0*f. Let v = -3 + f. Suppose 2*u - 3*x + 3 + v = 0, 0 = 5*u + 4*x - 27. What is the units digit of u?
3
Let p(f) = -15*f**2 + f + 1. Let u be p(-1). Let z = 21 + u. What is the units digit of z?
6
Suppose c + 10 = 3*c. Suppose -2*x - c = -3, 2*o - 17 = -x. What is the units digit of o?
9
Let m(i) = -7*i. What is the tens digit of m(-11)?
7
Suppose w + w = r - 5, 15 = -3*w + 3*r. Suppose -y - 3 + 5 = w. Suppose 9 = -2*d - 5*c, 3*d = -y*d - 5*c. What is the units digit of d?
3
Let s(a) = -6 + 7*a + a**2 + 10*a - 7 - 2*a**2. What is the tens digit of s(13)?
3
Suppose 2*x - 1 - 11 = 0. Let r = x + 8. Suppose 1 + r = 5*q. What is the units digit of q?
3
Suppose 5*a = -5*s + 375, s + 332 = 5*s - 4*a. What is the units digit of s?
9
Let u be (-4)/8 + (-4)/(-8). Suppose 5*b - 6*b + 6 = u. What is the units digit of b?
6
Let q = 159 + 79. What is the units digit of q?
8
Let l = -1 - 0. Let t(k) = -5*k**3 - 2*k**2 - 2*k - 1. Let u be t(l). Suppose 6*r - 12 = u*r. What is the units digit of r?
6
Suppose -20 = -d - 3*y, -4*y + y + 15 = 0. Let k(v) = 4. Let x(r) = -r - 7. Let z(b) = -5*k(b) - 2*x(b). What is the units digit of z(d)?
4
What is the tens digit of 27/18*(-274)/(-3)?
3
What is the tens digit of -2*(-6)/4 - -39?
4
Let b(d) = d**2 + 8*d - 9. Let p be b(-11).